5, d*z = -3*r + 4113. Is z a composite number?
True
Let b(m) = -m**3 + 6*m**2 + 12*m + 18. Suppose 2*w - 14 = -n, -2*n + 31 = 4*w + w. Let k be b(n). Is k*(-1)/12*-3*-118 a composite number?
True
Let c(k) = 72*k - 25. Let j(m) = m**3 - 14*m**2 - 14*m - 10. Let v be j(15). Suppose -p - 25 = -5*h - 9, -h = v*p - 24. Is c(h) a prime number?
True
Let a = -26836 + 51749. Let r = a + 8566. Is r prime?
True
Let o(q) = 106*q - 1. Suppose 3*y - 80 = -2*y. Let n be ((-1)/4)/((-2)/y). Is o(n) prime?
True
Let u = -5234 + 21103. Is u a composite number?
True
Let a(y) = -162*y + 1. Let d be a(-1). Suppose -5*b + 679 = 2*i, 4*i + 4*b + b = 1363. Let h = i - d. Is h a composite number?
False
Suppose 12 = 6*x - 0. Suppose 0 = 5*g - 3*l - 44441, x*g + l = 7657 + 10115. Is g a composite number?
False
Suppose -4*i - 65284 = -23*i. Let n = i - 1605. Is n composite?
False
Suppose -f - 87 = -3*o, -3*o - 5*f + 58 = -o. Suppose 0 = -16*g + o*g - 62647. Is g a composite number?
True
Suppose -4*y - 10 = -6*y. Suppose -y*q - 5*f = -930, 0 = 3*q - 3*f + 5*f - 563. Is q a composite number?
False
Suppose 10*f = 5*f. Suppose -q + 140 = -0*u - 4*u, -q + 2*u = -144. Suppose 2*v = 2*m + 66 + q, -v - 4*m + 102 = f. Is v a composite number?
True
Suppose 3*c - 5498 = 4*g, 4*c + 27*g - 30*g - 7326 = 0. Suppose 7323 = 4*q + k, 18*q = 17*q - k + c. Is q a prime number?
True
Let t be -3 + (-890)/3 + 1/(-3). Let u(r) = -11*r - 3. Let x be u(-4). Let v = x - t. Is v composite?
True
Let k = 245 - 311. Is -838*k/24 + (-5)/2 prime?
False
Let b(g) = 4*g**3 + g**2 + 6*g + 4. Let p be b(-2). Is -14242*(p/(-8) + -5) a composite number?
False
Let b(r) = 95552*r + 149. Is b(1) a prime number?
True
Let b be (-201)/((54/388)/9). Let k = b + 19141. Is k a prime number?
True
Let r = 3970183 + -1560878. Is r prime?
False
Let s = 61847 + 126674. Is s prime?
False
Let u(q) = -q**3 + 21*q**2 + 6*q + 23. Let g be 15/(-6)*(-66)/15. Let t = 31 - g. Is u(t) composite?
True
Let j be 10 + (2 - 3)*2. Suppose -2*y = -3*y - 2, -3*o = y + 356. Is 0 - 4/j*o prime?
True
Is 1/(-23) + 25363728/3588 prime?
True
Let s(c) = 9*c - 15. Let p(f) = -8*f + 16. Let z(v) = -6*p(v) - 5*s(v). Let q be z(7). Suppose q = 15*t - 11*t - 1268. Is t composite?
False
Let p(n) = 1016*n**2 - 4*n - 5. Let t be p(4). Let c = t + -6261. Is c a prime number?
False
Let m = -150283 - -250026. Is m prime?
False
Suppose 4*a = 18*k - 24*k + 450922, -563733 = -5*a + 4*k. Is a a composite number?
False
Suppose -8*o = -4*o - 432. Suppose -19*f = -15*f - o. Let j = f - -70. Is j composite?
False
Suppose 2*j - 28 = -4*h, 3*j + 0*j = 12. Suppose 5*u = -4*x + 5579, 5*u = h*x + 3087 - 10117. Is x a composite number?
True
Let q be 0/(4*1/(-1)). Suppose q = -13*s + 98237 - 34446. Is s a prime number?
False
Suppose -3*w - 2*n - n + 1413 = 0, 0 = -4*n - 12. Suppose -2*s + w = v, -3*s + 3*v = -0*s - 702. Let m = 177 + s. Is m prime?
False
Suppose -33*z + 4503 = -36*z. Is (-2 - z)*(-3)/(-7 - -4) prime?
True
Let v = 31 - 17. Let t(a) = 353*a**2 + 3*a + 2. Let z be t(2). Suppose -z = v*h - 18*h. Is h a prime number?
False
Suppose -3*v + 2*j = -17227, 0*v + 2*v = -4*j + 11506. Let w = 253 + v. Is w a composite number?
True
Suppose -773312 = -30*p - 256112. Suppose x + p = 2*t, 0 = 4*x - 0*x - 8. Is t a composite number?
True
Suppose -82773 = -3*g - r + 245586, 0 = -7*g + 2*r + 766145. Is g a composite number?
False
Let s = -2006 - -1202. Let r = 471 + s. Is ((-4)/(-6) + -1)/(3/r) a composite number?
False
Suppose 2*f - 80623 = -g, g - 23*f - 80620 = -22*f. Is g composite?
False
Is (-37798)/(-3)*(-1365)/(-182) a prime number?
False
Suppose 4*n - 114 = -2*n. Suppose -2*u - m = -9, 0 = 3*u - 5*m + n. Suppose -x = -u*x + 307. Is x composite?
False
Let p(a) be the first derivative of 629*a**2/2 + 189*a - 82. Is p(8) composite?
True
Suppose -29*l - 34*l + 33323329 = -16*l. Is l prime?
False
Let t be (-2 + 6)*((2 - 5) + 4). Suppose 215 = t*k - 181. Let v = 152 + k. Is v a composite number?
False
Is 12137288/26 + (-1023)/(-4433) composite?
False
Let h be 27/12 + (51/(-12) - -4). Let j be -4 + (3 - h*-661). Suppose -2*a + 2*c + 4028 = a, -a + 5*c = -j. Is a a composite number?
True
Suppose 0 = -2*f - 4753 - 27079. Is 6 - (f - (6 - -1)) composite?
True
Suppose u - 4652977 = -4*p - 1766976, 0 = 2*p + 4*u - 1443018. Is p a composite number?
False
Let s = 4 + -3. Let g(r) = 1658*r**2 - r. Let u be g(s). Suppose 3*v - u = -4*y + 1876, 2*v = -5*y + 4425. Is y a prime number?
True
Suppose 0 = 6*q - q - g + 51, -3*g + 33 = -3*q. Let k = 15 + q. Suppose 2*s + 2*i - 836 + 114 = 0, 0 = k*s + 3*i - 1801. Is s prime?
True
Let y be (-2)/8 - 15/(-4)*-5. Let a = -16 - y. Suppose v - 5*v = 2*d - 1014, 5*v + a*d = 1268. Is v prime?
False
Let z(j) = 12*j**2 - 11*j - 6. Let i(c) = -c**2 - 3*c + 2. Let l be i(6). Let k = -45 - l. Is z(k) composite?
True
Suppose -3*o - 5*b = 13, -2*o - 6*b + 3*b - 7 = 0. Suppose -r - o*j + 643 = 0, 5*j - 844 + 196 = -r. Is r a prime number?
False
Suppose -60 = -4*y - 5*g + 7*g, -3*y + 45 = -3*g. Suppose 1155 = -y*x + 22740. Is x a composite number?
False
Let l be (-1194)/(-10) - 26/65. Suppose -4*u = a + l, 95 = -a - u - 18. Let z = a - -334. Is z prime?
True
Let x = -2 - -12. Suppose -17*n + x = -12*n. Suppose 0 = n*b + w - 957, -4*b - b - 2*w = -2393. Is b a composite number?
False
Suppose 4*n - 120 = 6*j - 2*j, -4*j = 5*n - 186. Suppose 14*c - n = 13*c. Is 3706 + (c/10 - (-4)/(-10)) prime?
True
Suppose -6*d = -2*d + 3*p - 799642, 0 = -5*d + p + 999543. Is d prime?
True
Let v(z) = -z**3 + 9*z**2 + 9*z + 7. Let t be v(10). Let i(c) = c**2 + 16*c + 17. Let k be i(-15). Is (k/t)/(8/(-5748)) composite?
False
Suppose 7*y = 11*y + 2*x - 90042, -5*x - 112575 = -5*y. Suppose y = -22*u + 173498. Is u a composite number?
False
Suppose 29*s + 5*j = 27*s + 1197951, 7*j = -2*s + 1197961. Is s a prime number?
True
Let s = 133 - 129. Suppose 28840 = s*g + 4*d, -2*d + 1528 = g - 5685. Is g a composite number?
False
Suppose 6*v = -2*v + 40. Suppose 4*z + 20 = 0, 0*c - v*c = -4*z - 3175. Is c a prime number?
True
Let v(y) = 11 + y**3 + 2*y**3 - y**3 - y + 5*y**2. Let q be -5*(-7)/(35/8). Is v(q) composite?
True
Let h = 43 - 7. Suppose 0 = -5*n + h + 24. Suppose -l = 3*j - 703, 0 = 4*j - n - 4. Is l prime?
True
Let f(h) = -35800*h - 7689. Is f(-7) composite?
False
Let z(o) = 83*o**3 + 10*o**2 - 32*o + 64. Is z(9) a composite number?
True
Let f(n) = 108*n**2 + n - 286. Is f(35) composite?
False
Suppose 20*c - 21*c - 6 = 0, -4*q = 4*c - 300020. Is q a composite number?
False
Let m(j) = 37*j**3 - 55*j**2 - 8*j - 197. Is m(29) a prime number?
True
Let b(o) be the second derivative of 7/2*o**2 + 0 - 21/4*o**5 + 29*o + 1/12*o**4 + o**3. Is b(-2) a composite number?
False
Let q be (-5*(-4)/20)/((-1)/(-17)). Suppose 20*y - 18201 = q*y - 2*k, -5*k + 15 = 0. Is y composite?
True
Let f(n) = 49*n**2 - 2*n + 561169. Is f(0) prime?
False
Suppose 0 = b - 2, 3 = 2*t - 3*b + 5. Let w(o) = 5485*o + 9. Is w(t) a prime number?
True
Let k = 52 - 36. Let b(c) = k - 25*c - 9*c - 19. Is b(-4) prime?
False
Suppose 0 = 3*w - 15*w. Suppose w = 5*h + 298 - 6263. Suppose 2*k - h = 2817. Is k composite?
True
Let w be (-36)/10*558/9*-10. Suppose w + 2049 = 4*q - 5*o, 4*o + 4 = 0. Is q a composite number?
False
Let u be (-1886)/6*(-36)/12. Suppose 3208 = 5*d + 2*q + q, 632 = d + 3*q. Let m = u - d. Is m prime?
False
Suppose 0 = 5*a + 3*s - 11, 3*a - 2*s = 131 - 113. Suppose -4*b = a*b - 57560. Is b a composite number?
True
Suppose -61*n + 864 = -13*n. Is n + -23 - (-8786 + 2) a composite number?
False
Suppose -z + 0*z + 9*z = 0. Let w be z + -1 + 30165/(-4 - -7). Is (0 - -7)*w/77 composite?
True
Let l = 76771 - -79888. Is l a prime number?
True
Let f(w) = 4362*w**2 + 135*w - 46. Is f(5) prime?
False
Suppose 4*y + 779667 = 16*y - 488841. Is y a composite number?
True
Let b = 301045 - 129529. Is b/(-40)*-5*4/6 a prime number?
True
Let s(f) = f**3 + 69*f**2 + 126*f + 53. Is s(-52) a prime number?
False
Suppose 4*s + 4*s - 31448 = 0. Suppose -5*c + 2*h + s = 0, 2*c = -2*h - 2*h + 1582. Suppose c = v - 274. Is v a prime number?
True
Let y(v) = v**2 - 2*v + 2. Let x be y(2). Suppose -h + 471 = -435. Suppose -3*w + b + h = 0, 5*b + 207 = x*w - 384. Is w a prime number?
False
Is 43/((-301)/(-49238))*(-1)/(-2) a